{"id":10141,"date":"2016-04-27T15:50:18","date_gmt":"2016-04-27T13:50:18","guid":{"rendered":"http:\/\/spiellandschaft.de\/kinder\/?page_id=10141"},"modified":"2016-04-27T16:39:25","modified_gmt":"2016-04-27T14:39:25","slug":"woernbrunner-platz","status":"publish","type":"page","link":"https:\/\/alt.spiellandschaft.de\/kinder\/kinderstadtplaene\/harlaching\/spielplaetze-in-harlaching\/woernbrunner-platz\/","title":{"rendered":"W\u00f6rnbrunner Platz"},"content":{"rendered":"<p>Der W\u00f6rnbrunner Platz bietet euch jede Menge Spielm\u00f6glichkeiten. Dort gibt es Spielm\u00f6glichkeiten f\u00fcr Kleine und Gro\u00dfe. <!--more--><\/p>\n<p><img decoding=\"async\" class=\"alignleft wp-image-5467 size-thumbnail\" src=\"https:\/\/alt.spiellandschaft.de\/kinder\/wp-content\/uploads\/sites\/2\/2014\/07\/spielburg_wornbrunner-platz_4-150x150.jpg\" alt=\"Spielburg_Wornbrunner Platz\" width=\"150\" height=\"150\" srcset=\"https:\/\/alt.spiellandschaft.de\/kinder\/wp-content\/uploads\/sites\/2\/2014\/07\/spielburg_wornbrunner-platz_4-150x150.jpg 150w, https:\/\/alt.spiellandschaft.de\/kinder\/wp-content\/uploads\/sites\/2\/2014\/07\/spielburg_wornbrunner-platz_4-290x290.jpg 290w\" sizes=\"(max-width: 150px) 100vw, 150px\" \/><\/p>\n<p>Auf dem Kleinkinderspielplatz findest du eine kleinere Rutsche und zwei Schaukeltieren sowie einen Sandkasten. F\u00fcr \u00e4ltere Kinder steht dort eine gro\u00dfe Kletterburg mit Rutschstangen und einer Rutsche.Auf der Wiese k\u00f6nnt ihr auch super Fussballspielen oder, falls ihr lieber Basketball spielen m\u00f6chtet, gibt es dort einen Basketballkorb.<br \/>\nAls Kletterfreund kommt ihr am W\u00f6rnbrunner Platz voll auf eure Kosten. Auf der gro\u00dfen\u00a0 Kletterwand kannst du Mut beweisen und bis zur Spitze klettern.<\/p>\n<p>Falls du Scooter, Skateboard oder BMX fahren m\u00f6chtest oder Inlineskaten willst, gibt es W\u00f6rnbrunner Platz auch eine kleine Skateanlage aus Beton. Hier kannst du neue Tricks lernen oder deinen Freunden zeigen.<\/p>\n<p>Die Kinder aus der Klasse 3b von der Grundschule an der Rotbuchenstra\u00dfe haben den Spielplatz mit der Note 1 bewertet.<\/p>\n","protected":false},"excerpt":{"rendered":"<p>Der W\u00f6rnbrunner Platz bietet euch jede Menge Spielm\u00f6glichkeiten. Dort gibt es Spielm\u00f6glichkeiten f\u00fcr Kleine und Gro\u00dfe.<\/p>\n","protected":false},"author":15,"featured_media":5467,"parent":6348,"menu_order":0,"comment_status":"closed","ping_status":"closed","template":"content-sidebar-infobox-inhalt.php","meta":{"_acf_changed":false,"ngg_post_thumbnail":0,"footnotes":""},"class_list":["post-10141","page","type-page","status-publish","has-post-thumbnail","hentry"],"acf":[],"_links":{"self":[{"href":"https:\/\/alt.spiellandschaft.de\/kinder\/wp-json\/wp\/v2\/pages\/10141","targetHints":{"allow":["GET"]}}],"collection":[{"href":"https:\/\/alt.spiellandschaft.de\/kinder\/wp-json\/wp\/v2\/pages"}],"about":[{"href":"https:\/\/alt.spiellandschaft.de\/kinder\/wp-json\/wp\/v2\/types\/page"}],"author":[{"embeddable":true,"href":"https:\/\/alt.spiellandschaft.de\/kinder\/wp-json\/wp\/v2\/users\/15"}],"replies":[{"embeddable":true,"href":"https:\/\/alt.spiellandschaft.de\/kinder\/wp-json\/wp\/v2\/comments?post=10141"}],"version-history":[{"count":7,"href":"https:\/\/alt.spiellandschaft.de\/kinder\/wp-json\/wp\/v2\/pages\/10141\/revisions"}],"predecessor-version":[{"id":10179,"href":"https:\/\/alt.spiellandschaft.de\/kinder\/wp-json\/wp\/v2\/pages\/10141\/revisions\/10179"}],"up":[{"embeddable":true,"href":"https:\/\/alt.spiellandschaft.de\/kinder\/wp-json\/wp\/v2\/pages\/6348"}],"wp:featuredmedia":[{"embeddable":true,"href":"https:\/\/alt.spiellandschaft.de\/kinder\/wp-json\/wp\/v2\/media\/5467"}],"wp:attachment":[{"href":"https:\/\/alt.spiellandschaft.de\/kinder\/wp-json\/wp\/v2\/media?parent=10141"}],"curies":[{"name":"wp","href":"https:\/\/api.w.org\/{rel}","templated":true}]}}