{"id":2750,"date":"2013-10-15T11:23:24","date_gmt":"2013-10-15T09:23:24","guid":{"rendered":"http:\/\/spiellandschaft.de\/kinder\/?page_id=2750"},"modified":"2014-09-09T13:19:34","modified_gmt":"2014-09-09T11:19:34","slug":"boehmerwaldplatz","status":"publish","type":"page","link":"https:\/\/alt.spiellandschaft.de\/kinder\/kinderstadtplaene\/bogenhausen-2\/spielplaetze-in-bogenhausen\/boehmerwaldplatz\/","title":{"rendered":"B\u00f6hmerwaldplatz"},"content":{"rendered":"<p>Der <strong>B\u00f6hmerwaldplatz<\/strong> liegt an der Richard-Strauss-Stra\u00dfe, gegen\u00fcber der Parkstadt Bogenhausen.<!--more--><a href=\"https:\/\/alt.spiellandschaft.de\/kinder\/wp-content\/uploads\/sites\/2\/2013\/10\/1gelb_boehmerwaldspielplatz_kleinkindbereich.jpg\"><img decoding=\"async\" class=\"alignright  wp-image-2744\" alt=\"1gelb_B\u00f6hmerwaldspielplatz_kleinkindbereich\" src=\"https:\/\/alt.spiellandschaft.de\/kinder\/wp-content\/uploads\/sites\/2\/2013\/10\/1gelb_boehmerwaldspielplatz_kleinkindbereich-300x225.jpg\" width=\"240\" height=\"180\" srcset=\"https:\/\/alt.spiellandschaft.de\/kinder\/wp-content\/uploads\/sites\/2\/2013\/10\/1gelb_boehmerwaldspielplatz_kleinkindbereich-300x225.jpg 300w, https:\/\/alt.spiellandschaft.de\/kinder\/wp-content\/uploads\/sites\/2\/2013\/10\/1gelb_boehmerwaldspielplatz_kleinkindbereich.jpg 816w\" sizes=\"(max-width: 240px) 100vw, 240px\" \/><\/a><\/p>\n<p>Durch die dichte Hecke sieht man den<strong> B\u00f6hmerwaldspielplatz<\/strong> von der Stra\u00dfe gar nicht. Erst wenn man ein St\u00fcck am Zaun entlang geht und durch das Tor den Spielplatz betritt sieht man die vielen verschiedenen Ger\u00e4te und Spielm\u00f6glichkeiten. Auf diesem Spielplatz ist f\u00fcr jede Altersgruppe etwas geboten. Im Kleinkinderbereich gibt es ein niedriges <strong>Spielh\u00e4uschen<\/strong> mit <strong>Bagger<\/strong>. Gr\u00f6\u00dfere Kinder k\u00f6nnen im <strong>gro\u00dfen Kletternetz<\/strong> mit<strong> Rutsche<\/strong> klettern oder auf der extra hohen <strong>Schaukel<\/strong> schaukeln.<\/p>\nngg_shortcode_0_placeholder\n","protected":false},"excerpt":{"rendered":"<p>Der B\u00f6hmerwaldplatz liegt an der Richard-Strauss-Stra\u00dfe, gegen\u00fcber der Parkstadt Bogenhausen.<\/p>\n","protected":false},"author":4,"featured_media":6009,"parent":751,"menu_order":0,"comment_status":"closed","ping_status":"open","template":"full-width-page.php","meta":{"_acf_changed":false,"ngg_post_thumbnail":0,"footnotes":""},"class_list":["post-2750","page","type-page","status-publish","has-post-thumbnail","hentry"],"acf":[],"_links":{"self":[{"href":"https:\/\/alt.spiellandschaft.de\/kinder\/wp-json\/wp\/v2\/pages\/2750","targetHints":{"allow":["GET"]}}],"collection":[{"href":"https:\/\/alt.spiellandschaft.de\/kinder\/wp-json\/wp\/v2\/pages"}],"about":[{"href":"https:\/\/alt.spiellandschaft.de\/kinder\/wp-json\/wp\/v2\/types\/page"}],"author":[{"embeddable":true,"href":"https:\/\/alt.spiellandschaft.de\/kinder\/wp-json\/wp\/v2\/users\/4"}],"replies":[{"embeddable":true,"href":"https:\/\/alt.spiellandschaft.de\/kinder\/wp-json\/wp\/v2\/comments?post=2750"}],"version-history":[{"count":9,"href":"https:\/\/alt.spiellandschaft.de\/kinder\/wp-json\/wp\/v2\/pages\/2750\/revisions"}],"predecessor-version":[{"id":2759,"href":"https:\/\/alt.spiellandschaft.de\/kinder\/wp-json\/wp\/v2\/pages\/2750\/revisions\/2759"}],"up":[{"embeddable":true,"href":"https:\/\/alt.spiellandschaft.de\/kinder\/wp-json\/wp\/v2\/pages\/751"}],"wp:featuredmedia":[{"embeddable":true,"href":"https:\/\/alt.spiellandschaft.de\/kinder\/wp-json\/wp\/v2\/media\/6009"}],"wp:attachment":[{"href":"https:\/\/alt.spiellandschaft.de\/kinder\/wp-json\/wp\/v2\/media?parent=2750"}],"curies":[{"name":"wp","href":"https:\/\/api.w.org\/{rel}","templated":true}]}}