{"id":2909,"date":"2013-10-18T16:05:14","date_gmt":"2013-10-18T14:05:14","guid":{"rendered":"http:\/\/spiellandschaft.de\/kinder\/?page_id=2909"},"modified":"2013-10-18T16:09:46","modified_gmt":"2013-10-18T14:09:46","slug":"quiz-ueber-bogenhausen","status":"publish","type":"page","link":"https:\/\/alt.spiellandschaft.de\/kinder\/kinderstadtplaene\/bogenhausen-2\/rallye-durch-bogenhausen\/quiz-ueber-bogenhausen\/","title":{"rendered":"Quiz \u00fcber Bogenhausen"},"content":{"rendered":"<p>Du bist ein echter<strong> Experte<\/strong> \u00fcber Bogenhausen und wei\u00dft viel \u00fcber Geschichte und Sehensw\u00fcrdigkeiten? <!--more--><\/p>\n<p><strong>Ein Streifzug durch die Geschichte von Bogenhausen <\/strong><\/p>\n<p>Vor langer Zeit war Bogenhausen noch ein Bauerndorf und z\u00e4hlte mit nur etwa 30 H\u00f6fen zu den eher kleinen Ortschaften. Das Dorf Bogenhausen ist viel \u00e4lter als M\u00fcnchen, es entstand laut \u00dcberlieferung bereits vor mehr als 1.000 Jahren. Seither hat sich nat\u00fcrlich viel ver\u00e4ndert. Manches erz\u00e4hlt noch von dem Leben und den Ereignissen von damals. Diese Spuren der Vergangenheit kannst du bei dieser Stadtrallye entdecken!<\/p>\n<p>&nbsp;<\/p>\n[WpProQuiz 1]\n<p>&nbsp;<\/p>\n","protected":false},"excerpt":{"rendered":"<p>Du bist ein echter Experte \u00fcber Bogenhausen und wei\u00dft viel \u00fcber Geschichte und Sehensw\u00fcrdigkeiten?<\/p>\n","protected":false},"author":4,"featured_media":0,"parent":2902,"menu_order":2,"comment_status":"closed","ping_status":"open","template":"full-width-page.php","meta":{"_acf_changed":false,"ngg_post_thumbnail":0,"footnotes":""},"class_list":["post-2909","page","type-page","status-publish","hentry"],"acf":[],"_links":{"self":[{"href":"https:\/\/alt.spiellandschaft.de\/kinder\/wp-json\/wp\/v2\/pages\/2909","targetHints":{"allow":["GET"]}}],"collection":[{"href":"https:\/\/alt.spiellandschaft.de\/kinder\/wp-json\/wp\/v2\/pages"}],"about":[{"href":"https:\/\/alt.spiellandschaft.de\/kinder\/wp-json\/wp\/v2\/types\/page"}],"author":[{"embeddable":true,"href":"https:\/\/alt.spiellandschaft.de\/kinder\/wp-json\/wp\/v2\/users\/4"}],"replies":[{"embeddable":true,"href":"https:\/\/alt.spiellandschaft.de\/kinder\/wp-json\/wp\/v2\/comments?post=2909"}],"version-history":[{"count":4,"href":"https:\/\/alt.spiellandschaft.de\/kinder\/wp-json\/wp\/v2\/pages\/2909\/revisions"}],"predecessor-version":[{"id":2931,"href":"https:\/\/alt.spiellandschaft.de\/kinder\/wp-json\/wp\/v2\/pages\/2909\/revisions\/2931"}],"up":[{"embeddable":true,"href":"https:\/\/alt.spiellandschaft.de\/kinder\/wp-json\/wp\/v2\/pages\/2902"}],"wp:attachment":[{"href":"https:\/\/alt.spiellandschaft.de\/kinder\/wp-json\/wp\/v2\/media?parent=2909"}],"curies":[{"name":"wp","href":"https:\/\/api.w.org\/{rel}","templated":true}]}}