{"id":3969,"date":"2014-02-14T15:36:49","date_gmt":"2014-02-14T13:36:49","guid":{"rendered":"http:\/\/spiellandschaft.de\/kinder\/?page_id=3969"},"modified":"2014-09-09T15:11:46","modified_gmt":"2014-09-09T13:11:46","slug":"kindertreff-bogenhausen","status":"publish","type":"page","link":"https:\/\/alt.spiellandschaft.de\/kinder\/kinderstadtplaene\/bogenhausen-2\/was-tun-und-wo\/kindertreff-bogenhausen\/","title":{"rendered":"Kindertreff Bogenhausen"},"content":{"rendered":"<p><strong>Spielen, toben, basteln, kochen, &#8230;<\/strong><\/p>\n<p><!--more-->Der Kindertreff\u00a0 Bogenhausen am Scherfweg 6 ist f\u00fcr alle <strong>Kinder von 6 \u2013 12 Jahren<\/strong> ge\u00f6ffnet. Dort kannst du kostenlos spielen und du musst dich vorher nicht anmelden.<\/p>\n<p>&nbsp;<\/p>\n<p><a href=\"https:\/\/alt.spiellandschaft.de\/kinder\/wp-content\/uploads\/sites\/2\/2013\/12\/kindertreff_kinder-mit-urmel-klein.jpg\"><img fetchpriority=\"high\" decoding=\"async\" class=\" wp-image-3975 alignleft\" src=\"https:\/\/alt.spiellandschaft.de\/kinder\/wp-content\/uploads\/sites\/2\/2013\/12\/kindertreff_kinder-mit-urmel-klein-300x168.jpg\" alt=\"Kindertreff_Kinder-mit-Urmel\" width=\"298\" height=\"172\" \/><\/a>Von <strong>Montag bis Freitag von 14 \u2013 18 Uhr<\/strong> kannst du im <strong>offenen Treff spielen, toben und bauen, tanzen, dich verkleiden und Theater spielen, Sport machen, mit vielen verschiedenen Fahrzeugen fahren, werken und basteln, Kicker und Billard spielen, kochen und backen, lesen, ratschen, mit den Mitarbeitern\/innen Sorgen besprechen <\/strong><strong>oder auch mal gar nichts machen<\/strong>.<\/p>\n<p>&nbsp;<\/p>\n<p><a href=\"https:\/\/alt.spiellandschaft.de\/kinder\/wp-content\/uploads\/sites\/2\/2013\/11\/kindertreff_kletterbereich_klein.jpg\"><img decoding=\"async\" class=\"alignright\" src=\"https:\/\/alt.spiellandschaft.de\/kinder\/wp-content\/uploads\/sites\/2\/2013\/11\/kindertreff_kletterbereich_klein-300x225.jpg\" alt=\"Kindertreff_Kletterbereich\" width=\"300\" height=\"225\" \/><\/a><\/p>\n<p>&nbsp;<\/p>\n<p>Zus\u00e4tzlich gibt es jeden Tag die M\u00f6glichkeit, unter Anleitung an besonderen Angeboten teilzunehmen. Zweimal die Woche ist der Kindertreff nur f\u00fcr M\u00e4dchen bzw. Jungen reserviert.<\/p>\n<p>In den <strong>Ferien gibt es ein spezielles Programm<\/strong> zu unterschiedlichen Themen mit Ausfl\u00fcgen und Aktionen.<\/p>\n<p>&nbsp;<\/p>\n<p>&nbsp;<\/p>\n<p>Neben dem offenen Spielprogramm wird nach der Schule eine <strong>Mittagsbetreuung<\/strong> f\u00fcr angemeldete Erst- bis Viertkl\u00e4ssler angeboten.<\/p>\n<p>Im Kindertreff kannst du sogar deinen<strong> Kindergeburtstag<\/strong> feiern.<\/p>\n","protected":false},"excerpt":{"rendered":"<p>Spielen, toben, basteln, kochen, &#8230;<\/p>\n","protected":false},"author":11,"featured_media":4233,"parent":4200,"menu_order":1,"comment_status":"closed","ping_status":"open","template":"content-sidebar-infoboxes.php","meta":{"_acf_changed":false,"ngg_post_thumbnail":0,"footnotes":""},"class_list":["post-3969","page","type-page","status-publish","has-post-thumbnail","hentry"],"acf":[],"_links":{"self":[{"href":"https:\/\/alt.spiellandschaft.de\/kinder\/wp-json\/wp\/v2\/pages\/3969","targetHints":{"allow":["GET"]}}],"collection":[{"href":"https:\/\/alt.spiellandschaft.de\/kinder\/wp-json\/wp\/v2\/pages"}],"about":[{"href":"https:\/\/alt.spiellandschaft.de\/kinder\/wp-json\/wp\/v2\/types\/page"}],"author":[{"embeddable":true,"href":"https:\/\/alt.spiellandschaft.de\/kinder\/wp-json\/wp\/v2\/users\/11"}],"replies":[{"embeddable":true,"href":"https:\/\/alt.spiellandschaft.de\/kinder\/wp-json\/wp\/v2\/comments?post=3969"}],"version-history":[{"count":16,"href":"https:\/\/alt.spiellandschaft.de\/kinder\/wp-json\/wp\/v2\/pages\/3969\/revisions"}],"predecessor-version":[{"id":6024,"href":"https:\/\/alt.spiellandschaft.de\/kinder\/wp-json\/wp\/v2\/pages\/3969\/revisions\/6024"}],"up":[{"embeddable":true,"href":"https:\/\/alt.spiellandschaft.de\/kinder\/wp-json\/wp\/v2\/pages\/4200"}],"wp:featuredmedia":[{"embeddable":true,"href":"https:\/\/alt.spiellandschaft.de\/kinder\/wp-json\/wp\/v2\/media\/4233"}],"wp:attachment":[{"href":"https:\/\/alt.spiellandschaft.de\/kinder\/wp-json\/wp\/v2\/media?parent=3969"}],"curies":[{"name":"wp","href":"https:\/\/api.w.org\/{rel}","templated":true}]}}