{"id":4482,"date":"2014-02-17T14:03:26","date_gmt":"2014-02-17T12:03:26","guid":{"rendered":"http:\/\/spiellandschaft.de\/kinder\/?page_id=4482"},"modified":"2014-09-09T13:10:35","modified_gmt":"2014-09-09T11:10:35","slug":"friedensdenkmal-mit-friedenengel","status":"publish","type":"page","link":"https:\/\/alt.spiellandschaft.de\/kinder\/kinderstadtplaene\/bogenhausen-2\/sehenswuerdigkeiten-bogenhausen\/kunst-in-bogenhausen\/friedensdenkmal-mit-friedenengel\/","title":{"rendered":"Friedensdenkmal mit Friedenengel"},"content":{"rendered":"<p><!--more-->Der goldene Friedensengel ist ein Denkmal direkt an der Luitpoldbr\u00fccke, der auf einer hohen <strong>S\u00e4ule<\/strong> steht und \u00fcber die Stadt blickt. Vom Friedensdenkmal aus hast du eine <strong>herrliche Aussicht<\/strong> auf M\u00fcnchens Altstadt und wenn er nachts angestrahlt wird, ist er ein richtig toller Blickfang.<\/p>\n<p>Mit dem Friedensengel wollten die M\u00fcnchner dem Frieden ein Denkmal setzen. Denn seit dem <strong>Krieg mit Frankreich<\/strong> waren schon etliche Jahre vergangen, ohne dass es zu einem weiteren Krieg gekommen war. Der Engel h\u00e4lt zwei Symbole in der Hand, die den Frieden darstellen. In der rechten Hand h\u00e4lt er einen <strong>\u00d6lzweig<\/strong> und in der linken Hand tr\u00e4gt er die <strong>Statue der Pallas Athene<\/strong>, der G\u00f6ttin des besonnenen Kampfes. Sie ist auch gleichzeitig die G\u00f6ttin der Weisheit..<\/p>\n<p>Der Friedensengel wurde von mehreren K\u00fcnstlern gemeinsam erstellt und es dauerte 3 Jahre bis er enth\u00fcllt werden konnte. Zum Friedensdenkmal geh\u00f6rt auch noch eine sch\u00f6ne kleine Parkanlage mit einem<strong> Delfinbrunnen<\/strong> und einer riesigen Treppe mit 53 Stufen.<\/p>\nngg_shortcode_0_placeholder\n","protected":false},"excerpt":{"rendered":"","protected":false},"author":11,"featured_media":6005,"parent":4053,"menu_order":4,"comment_status":"closed","ping_status":"open","template":"full-width-page.php","meta":{"_acf_changed":false,"ngg_post_thumbnail":0,"footnotes":""},"class_list":["post-4482","page","type-page","status-publish","has-post-thumbnail","hentry"],"acf":[],"_links":{"self":[{"href":"https:\/\/alt.spiellandschaft.de\/kinder\/wp-json\/wp\/v2\/pages\/4482","targetHints":{"allow":["GET"]}}],"collection":[{"href":"https:\/\/alt.spiellandschaft.de\/kinder\/wp-json\/wp\/v2\/pages"}],"about":[{"href":"https:\/\/alt.spiellandschaft.de\/kinder\/wp-json\/wp\/v2\/types\/page"}],"author":[{"embeddable":true,"href":"https:\/\/alt.spiellandschaft.de\/kinder\/wp-json\/wp\/v2\/users\/11"}],"replies":[{"embeddable":true,"href":"https:\/\/alt.spiellandschaft.de\/kinder\/wp-json\/wp\/v2\/comments?post=4482"}],"version-history":[{"count":3,"href":"https:\/\/alt.spiellandschaft.de\/kinder\/wp-json\/wp\/v2\/pages\/4482\/revisions"}],"predecessor-version":[{"id":4544,"href":"https:\/\/alt.spiellandschaft.de\/kinder\/wp-json\/wp\/v2\/pages\/4482\/revisions\/4544"}],"up":[{"embeddable":true,"href":"https:\/\/alt.spiellandschaft.de\/kinder\/wp-json\/wp\/v2\/pages\/4053"}],"wp:featuredmedia":[{"embeddable":true,"href":"https:\/\/alt.spiellandschaft.de\/kinder\/wp-json\/wp\/v2\/media\/6005"}],"wp:attachment":[{"href":"https:\/\/alt.spiellandschaft.de\/kinder\/wp-json\/wp\/v2\/media?parent=4482"}],"curies":[{"name":"wp","href":"https:\/\/api.w.org\/{rel}","templated":true}]}}