{"id":4489,"date":"2014-02-17T13:24:28","date_gmt":"2014-02-17T11:24:28","guid":{"rendered":"http:\/\/spiellandschaft.de\/kinder\/?page_id=4489"},"modified":"2014-02-17T13:40:41","modified_gmt":"2014-02-17T11:40:41","slug":"buergermeistervilla","status":"publish","type":"page","link":"https:\/\/alt.spiellandschaft.de\/kinder\/kinderstadtplaene\/bogenhausen-2\/sehenswuerdigkeiten-bogenhausen\/besonderheiten-in-bogenhausen\/buergermeistervilla\/","title":{"rendered":"B\u00fcrgermeistervilla"},"content":{"rendered":"<p><!--more--><\/p>\n<div id=\"attachment_4503\" style=\"width: 310px\" class=\"wp-caption alignleft\"><a href=\"https:\/\/alt.spiellandschaft.de\/kinder\/wp-content\/uploads\/sites\/2\/2014\/02\/buergermeistervilla_hpt.gif\"><img fetchpriority=\"high\" decoding=\"async\" aria-describedby=\"caption-attachment-4503\" class=\"size-medium wp-image-4503   \" title=\"\u00a9 nordostkultur-muenchen.de\" alt=\"\u00a9 nordostkultur-muenchen.de\" src=\"https:\/\/alt.spiellandschaft.de\/kinder\/wp-content\/uploads\/sites\/2\/2014\/02\/buergermeistervilla_hpt-300x225.gif\" width=\"300\" height=\"225\" \/><\/a><p id=\"caption-attachment-4503\" class=\"wp-caption-text\">nordostkultur-muenchen.de \u00a9<\/p><\/div>\n<p>&nbsp;<\/p>\n<p>Die B\u00fcrgermeistervilla an der <strong>Ismaninger Ecke H\u00e4ndelstra\u00dfe<\/strong> ist ein sehr s<strong>ch\u00f6nes, altes Haus<\/strong>. Um die Villa ist ein <strong>gro\u00dfer Park mit vielen B\u00e4umen<\/strong> angelegt. Dort kann man an hei\u00dfen Tagen super im Schatten spielen. Wenn du genau hinschaust, kannst du auf dem Schild an der Mauer entdecken, nach wem die H\u00e4ndelstra\u00dfe benannt wurde.<\/p>\n<p>Den Namen hat die B\u00fcrgermeistervilla von dem Geb\u00e4ude, dass fr\u00fcher an dieser Stelle stand. Dort lebte n\u00e4mlich der <strong>letzte B\u00fcrgermeister<\/strong> von Bogenhausen.<\/p>\n","protected":false},"excerpt":{"rendered":"","protected":false},"author":11,"featured_media":4503,"parent":4464,"menu_order":0,"comment_status":"closed","ping_status":"open","template":"full-width-page.php","meta":{"_acf_changed":false,"ngg_post_thumbnail":0,"footnotes":""},"class_list":["post-4489","page","type-page","status-publish","has-post-thumbnail","hentry"],"acf":[],"_links":{"self":[{"href":"https:\/\/alt.spiellandschaft.de\/kinder\/wp-json\/wp\/v2\/pages\/4489","targetHints":{"allow":["GET"]}}],"collection":[{"href":"https:\/\/alt.spiellandschaft.de\/kinder\/wp-json\/wp\/v2\/pages"}],"about":[{"href":"https:\/\/alt.spiellandschaft.de\/kinder\/wp-json\/wp\/v2\/types\/page"}],"author":[{"embeddable":true,"href":"https:\/\/alt.spiellandschaft.de\/kinder\/wp-json\/wp\/v2\/users\/11"}],"replies":[{"embeddable":true,"href":"https:\/\/alt.spiellandschaft.de\/kinder\/wp-json\/wp\/v2\/comments?post=4489"}],"version-history":[{"count":9,"href":"https:\/\/alt.spiellandschaft.de\/kinder\/wp-json\/wp\/v2\/pages\/4489\/revisions"}],"predecessor-version":[{"id":4527,"href":"https:\/\/alt.spiellandschaft.de\/kinder\/wp-json\/wp\/v2\/pages\/4489\/revisions\/4527"}],"up":[{"embeddable":true,"href":"https:\/\/alt.spiellandschaft.de\/kinder\/wp-json\/wp\/v2\/pages\/4464"}],"wp:featuredmedia":[{"embeddable":true,"href":"https:\/\/alt.spiellandschaft.de\/kinder\/wp-json\/wp\/v2\/media\/4503"}],"wp:attachment":[{"href":"https:\/\/alt.spiellandschaft.de\/kinder\/wp-json\/wp\/v2\/media?parent=4489"}],"curies":[{"name":"wp","href":"https:\/\/api.w.org\/{rel}","templated":true}]}}