{"id":4509,"date":"2014-02-17T13:19:15","date_gmt":"2014-02-17T11:19:15","guid":{"rendered":"http:\/\/spiellandschaft.de\/kinder\/?page_id=4509"},"modified":"2014-02-17T13:41:43","modified_gmt":"2014-02-17T11:41:43","slug":"generalkonsulat-der-i-r-iran","status":"publish","type":"page","link":"https:\/\/alt.spiellandschaft.de\/kinder\/kinderstadtplaene\/bogenhausen-2\/sehenswuerdigkeiten-bogenhausen\/besonderheiten-in-bogenhausen\/generalkonsulat-der-i-r-iran\/","title":{"rendered":"Generalkonsulat der I.R. Iran"},"content":{"rendered":"<p><!--more--><\/p>\n<p><a href=\"https:\/\/alt.spiellandschaft.de\/kinder\/wp-content\/uploads\/sites\/2\/2014\/02\/mauerkircherstr_konsulat-iran_haus_05.06_kl.jpg\"><img fetchpriority=\"high\" decoding=\"async\" class=\"size-medium wp-image-4510 alignleft\" alt=\"Mauerkircherstr_Konsulat-Iran_Haus_05.06_KL\" src=\"https:\/\/alt.spiellandschaft.de\/kinder\/wp-content\/uploads\/sites\/2\/2014\/02\/mauerkircherstr_konsulat-iran_haus_05.06_kl-225x300.jpg\" width=\"225\" height=\"300\" srcset=\"https:\/\/alt.spiellandschaft.de\/kinder\/wp-content\/uploads\/sites\/2\/2014\/02\/mauerkircherstr_konsulat-iran_haus_05.06_kl-225x300.jpg 225w, https:\/\/alt.spiellandschaft.de\/kinder\/wp-content\/uploads\/sites\/2\/2014\/02\/mauerkircherstr_konsulat-iran_haus_05.06_kl.jpg 300w\" sizes=\"(max-width: 225px) 100vw, 225px\" \/><\/a><a href=\"https:\/\/alt.spiellandschaft.de\/kinder\/wp-content\/uploads\/sites\/2\/2014\/02\/mauerkircherstr_konsulat-iran_passbildautomat_05.06_kl.jpg\"><img decoding=\"async\" class=\"size-medium wp-image-4511 alignright\" alt=\"Mauerkircherstr_Konsulat-Iran_Passbildautomat_05.06_KL\" src=\"https:\/\/alt.spiellandschaft.de\/kinder\/wp-content\/uploads\/sites\/2\/2014\/02\/mauerkircherstr_konsulat-iran_passbildautomat_05.06_kl-225x300.jpg\" width=\"225\" height=\"300\" srcset=\"https:\/\/alt.spiellandschaft.de\/kinder\/wp-content\/uploads\/sites\/2\/2014\/02\/mauerkircherstr_konsulat-iran_passbildautomat_05.06_kl-225x300.jpg 225w, https:\/\/alt.spiellandschaft.de\/kinder\/wp-content\/uploads\/sites\/2\/2014\/02\/mauerkircherstr_konsulat-iran_passbildautomat_05.06_kl.jpg 300w\" sizes=\"(max-width: 225px) 100vw, 225px\" \/><\/a><\/p>\n<p>&nbsp;<\/p>\n<p>Das <strong>Haus des Generalkonsulats<\/strong> (das ist die Auslandsvertretung eines Landes) der islamischen Republik Iran in der Mauerkircherstra\u00dfe 59 sieht aus <strong>wie ein kleines Schloss<\/strong>. Ist dir schon mal die <strong>au\u00dfergew\u00f6hnliche brunnen\u00e4hnliche Anlage<\/strong> vor dem Haus aufgefallen? Doch etwas passt nicht so richtig auf das sch\u00f6ne Gel\u00e4nde: Der <strong>Passbildautomat<\/strong> auf der rechten Seite. F\u00fcr was der wohl gut ist?<\/p>\n<p>&nbsp;<\/p>\n","protected":false},"excerpt":{"rendered":"","protected":false},"author":11,"featured_media":4510,"parent":4464,"menu_order":0,"comment_status":"closed","ping_status":"open","template":"full-width-page.php","meta":{"_acf_changed":false,"ngg_post_thumbnail":0,"footnotes":""},"class_list":["post-4509","page","type-page","status-publish","has-post-thumbnail","hentry"],"acf":[],"_links":{"self":[{"href":"https:\/\/alt.spiellandschaft.de\/kinder\/wp-json\/wp\/v2\/pages\/4509","targetHints":{"allow":["GET"]}}],"collection":[{"href":"https:\/\/alt.spiellandschaft.de\/kinder\/wp-json\/wp\/v2\/pages"}],"about":[{"href":"https:\/\/alt.spiellandschaft.de\/kinder\/wp-json\/wp\/v2\/types\/page"}],"author":[{"embeddable":true,"href":"https:\/\/alt.spiellandschaft.de\/kinder\/wp-json\/wp\/v2\/users\/11"}],"replies":[{"embeddable":true,"href":"https:\/\/alt.spiellandschaft.de\/kinder\/wp-json\/wp\/v2\/comments?post=4509"}],"version-history":[{"count":7,"href":"https:\/\/alt.spiellandschaft.de\/kinder\/wp-json\/wp\/v2\/pages\/4509\/revisions"}],"predecessor-version":[{"id":4529,"href":"https:\/\/alt.spiellandschaft.de\/kinder\/wp-json\/wp\/v2\/pages\/4509\/revisions\/4529"}],"up":[{"embeddable":true,"href":"https:\/\/alt.spiellandschaft.de\/kinder\/wp-json\/wp\/v2\/pages\/4464"}],"wp:featuredmedia":[{"embeddable":true,"href":"https:\/\/alt.spiellandschaft.de\/kinder\/wp-json\/wp\/v2\/media\/4510"}],"wp:attachment":[{"href":"https:\/\/alt.spiellandschaft.de\/kinder\/wp-json\/wp\/v2\/media?parent=4509"}],"curies":[{"name":"wp","href":"https:\/\/api.w.org\/{rel}","templated":true}]}}