{"id":4658,"date":"2014-03-14T16:31:46","date_gmt":"2014-03-14T14:31:46","guid":{"rendered":"http:\/\/spiellandschaft.de\/kinder\/?page_id=4658"},"modified":"2014-05-13T11:35:53","modified_gmt":"2014-05-13T09:35:53","slug":"staedtischer-hort-an-der-reichenaustrasse","status":"publish","type":"page","link":"https:\/\/alt.spiellandschaft.de\/kinder\/mitmachen\/entdecker-gesucht-buendnis-fuer-bildung\/buendnis-fuer-bildung\/staedtischer-hort-an-der-reichenaustrasse\/","title":{"rendered":"St\u00e4dtischer Hort an der Reichenaustra\u00dfe"},"content":{"rendered":"<p>Wir sind der <strong>Hort<\/strong> an der <strong>Reichenaustra\u00dfe 5<\/strong>.<!--more--> Gemeinsam mit drei <strong>Kindergartengruppe<\/strong>n teilen wir uns das 2-st\u00f6ckige Geb\u00e4ude und einen gro\u00dfen Garten mit vielen Spielm\u00f6glichkeiten. Unsere Hortgruppe besteht aus <strong>25 Kindern<\/strong> aus der Grundschule, sowie weiterf\u00fchrende Schulen (Mittelschule, Gymnasium).<\/p>\n<p>Anders als beim Spielhaus, sind unsere Kinder von ihren Eltern fest angemeldet worden. Die Kinder kommen jeden Tag nach der Schule zu uns, um hier Mittag zu essen, zu spielen, kreativ zu sein, Hausaufgaben zu machen, sich mit Freunden zu treffen und vieles vieles mehr. Besonders <strong>freitags<\/strong> und in den <strong>Ferien<\/strong> unternehmen wir viele Ausfl\u00fcge und bieten spannendes Programm an.<\/p>\n<p>Letztes Jahr haben wir mit unseren Kindern <a href=\"https:\/\/alt.spiellandschaft.de\/kinder\/wp-content\/uploads\/sites\/2\/2014\/03\/hort-rbs.png\"><img decoding=\"async\" class=\"alignright  wp-image-5124\" alt=\"Hort-RBS\" src=\"https:\/\/alt.spiellandschaft.de\/kinder\/wp-content\/uploads\/sites\/2\/2014\/03\/hort-rbs.png\" width=\"240\" height=\"95\" \/><\/a>in den Sommerferien spannende <strong>Interviews<\/strong> zum Thema \u201eEntdecker gesucht\u201c durchgef\u00fchrt. Alle Erfahrungen, Fotos und Erlebnisse wurden auf einer Tagebuchseite festgehalten und in der Stadtbibliothek zu einem Buch gebunden.<\/p>\n","protected":false},"excerpt":{"rendered":"<p>Wir sind der Hort an der Reichenaustra\u00dfe 5.<\/p>\n","protected":false},"author":4,"featured_media":5127,"parent":4652,"menu_order":2,"comment_status":"closed","ping_status":"open","template":"content-sidebar-infobox-inhalt.php","meta":{"_acf_changed":false,"ngg_post_thumbnail":0,"footnotes":""},"class_list":["post-4658","page","type-page","status-publish","has-post-thumbnail","hentry"],"acf":[],"_links":{"self":[{"href":"https:\/\/alt.spiellandschaft.de\/kinder\/wp-json\/wp\/v2\/pages\/4658","targetHints":{"allow":["GET"]}}],"collection":[{"href":"https:\/\/alt.spiellandschaft.de\/kinder\/wp-json\/wp\/v2\/pages"}],"about":[{"href":"https:\/\/alt.spiellandschaft.de\/kinder\/wp-json\/wp\/v2\/types\/page"}],"author":[{"embeddable":true,"href":"https:\/\/alt.spiellandschaft.de\/kinder\/wp-json\/wp\/v2\/users\/4"}],"replies":[{"embeddable":true,"href":"https:\/\/alt.spiellandschaft.de\/kinder\/wp-json\/wp\/v2\/comments?post=4658"}],"version-history":[{"count":7,"href":"https:\/\/alt.spiellandschaft.de\/kinder\/wp-json\/wp\/v2\/pages\/4658\/revisions"}],"predecessor-version":[{"id":5126,"href":"https:\/\/alt.spiellandschaft.de\/kinder\/wp-json\/wp\/v2\/pages\/4658\/revisions\/5126"}],"up":[{"embeddable":true,"href":"https:\/\/alt.spiellandschaft.de\/kinder\/wp-json\/wp\/v2\/pages\/4652"}],"wp:featuredmedia":[{"embeddable":true,"href":"https:\/\/alt.spiellandschaft.de\/kinder\/wp-json\/wp\/v2\/media\/5127"}],"wp:attachment":[{"href":"https:\/\/alt.spiellandschaft.de\/kinder\/wp-json\/wp\/v2\/media?parent=4658"}],"curies":[{"name":"wp","href":"https:\/\/api.w.org\/{rel}","templated":true}]}}