{"id":877,"date":"2013-06-26T12:14:17","date_gmt":"2013-06-26T10:14:17","guid":{"rendered":"http:\/\/weiterbildungspiel.de\/kinder\/?page_id=877"},"modified":"2013-10-14T16:23:45","modified_gmt":"2013-10-14T14:23:45","slug":"thomas-mann-allee","status":"publish","type":"page","link":"https:\/\/alt.spiellandschaft.de\/kinder\/kinderstadtplaene\/bogenhausen-2\/spielplaetze-in-bogenhausen\/thomas-mann-allee\/","title":{"rendered":"Thomas-Mann-Allee"},"content":{"rendered":"<p>Auch <strong>Poschinger-Spielplatz <\/strong>genannt.<strong><br \/>\n<\/strong><\/p>\n<p><!--more--><b><\/b><\/p>\n<p><b><b><a href=\"https:\/\/alt.spiellandschaft.de\/kinder\/wp-content\/uploads\/sites\/2\/kletterpyramide_kinder_beitragsbild-212x300.jpg\"><img fetchpriority=\"high\" decoding=\"async\" class=\"size-full wp-image-1328 alignleft\" alt=\"kletterpyramide_kinder_beitragsbild-212x300\" src=\"https:\/\/alt.spiellandschaft.de\/kinder\/wp-content\/uploads\/sites\/2\/kletterpyramide_kinder_beitragsbild-212x300.jpg\" width=\"212\" height=\"300\" \/><\/a>Der <\/b>Spielplatz <\/b>liegt am<strong> Isarhochufer<\/strong> an dem ein Fu\u00dfg\u00e4nger und Fahrradweg entlangf\u00fchrt, Wiesen, B\u00e4ume B\u00fcsche und B\u00e4nke sind. Rund um den Spielplatz ist ein <strong>Zaun.<\/strong> Da hier viele Bogenhausner mit ihren Hunden spazieren gehen, ist der Zaun sehr praktisch.<\/p>\n<p>Auf dem Spielplatz gibt es verschiedene Ger\u00e4te, die von den Spielplatzforschern getestet wurden. Spielplatzforscherin Vivian (5 Jahre) findet die <strong>klassische Schaukel<\/strong> besser als die <strong>Nestschaukel<\/strong>. Ihre Schwester Victoria (5 Jahre) liebt das <strong>Drehkarussell<\/strong>. Eine <strong>Kletterpyramide,<\/strong> eine <strong>Turnstange<\/strong>, eine <strong>Rutsche<\/strong> und ein <strong>Sandbereich<\/strong> laden zum Spielen ein. Auf dem anderen Teil stehen drei kleine<strong> H\u00e4uschen<\/strong> mit einer <strong>H\u00e4ngebr\u00fccke. <\/strong>William und Nicolas haben die <strong>Baumst\u00fcmpfe<\/strong> entdeckt, auf denen man gut rutschen kann wenn es nass ist.<\/p>\nngg_shortcode_0_placeholder\n<p>&nbsp;<\/p>\n<p>Am 04. und 05. Juni 2013 waren die Stadtteilforscher am <strong>Spielplatz an der Thomas-Mann-Allee<\/strong> gefragt. Gemeinsam haben wir das Gel\u00e4nde am und um den Spielplatz erforscht.Bald findest du hier weitere, spannende Ergebnisse der Forschertouren und Informationen zu den beliebtesten Spielpl\u00e4tzen.<\/p>\n","protected":false},"excerpt":{"rendered":"<p>Auch Poschinger-Spielplatz genannt.<\/p>\n","protected":false},"author":4,"featured_media":1330,"parent":751,"menu_order":30,"comment_status":"closed","ping_status":"closed","template":"full-width-page.php","meta":{"_acf_changed":false,"ngg_post_thumbnail":0,"footnotes":""},"class_list":["post-877","page","type-page","status-publish","has-post-thumbnail","hentry"],"acf":[],"_links":{"self":[{"href":"https:\/\/alt.spiellandschaft.de\/kinder\/wp-json\/wp\/v2\/pages\/877","targetHints":{"allow":["GET"]}}],"collection":[{"href":"https:\/\/alt.spiellandschaft.de\/kinder\/wp-json\/wp\/v2\/pages"}],"about":[{"href":"https:\/\/alt.spiellandschaft.de\/kinder\/wp-json\/wp\/v2\/types\/page"}],"author":[{"embeddable":true,"href":"https:\/\/alt.spiellandschaft.de\/kinder\/wp-json\/wp\/v2\/users\/4"}],"replies":[{"embeddable":true,"href":"https:\/\/alt.spiellandschaft.de\/kinder\/wp-json\/wp\/v2\/comments?post=877"}],"version-history":[{"count":4,"href":"https:\/\/alt.spiellandschaft.de\/kinder\/wp-json\/wp\/v2\/pages\/877\/revisions"}],"predecessor-version":[{"id":2161,"href":"https:\/\/alt.spiellandschaft.de\/kinder\/wp-json\/wp\/v2\/pages\/877\/revisions\/2161"}],"up":[{"embeddable":true,"href":"https:\/\/alt.spiellandschaft.de\/kinder\/wp-json\/wp\/v2\/pages\/751"}],"wp:featuredmedia":[{"embeddable":true,"href":"https:\/\/alt.spiellandschaft.de\/kinder\/wp-json\/wp\/v2\/media\/1330"}],"wp:attachment":[{"href":"https:\/\/alt.spiellandschaft.de\/kinder\/wp-json\/wp\/v2\/media?parent=877"}],"curies":[{"name":"wp","href":"https:\/\/api.w.org\/{rel}","templated":true}]}}